*6/120 + o**5/20 - o**4/4 - o**3/2 - 3*o**2. Let n be 4*(-1 + (-1 - -1)). What is the units digit of c(n)?
5
Let h(b) = -7 - 2 + 6*b**2 + b**3 + 2*b + 6*b**2 - 4*b**2. What is the tens digit of h(-7)?
2
Suppose 4*y - 3*h = -2*h - 76, 4*y = 4*h - 76. Let f be -4*(-34)/(-4) + -2. Let a = y - f. What is the tens digit of a?
1
What is the tens digit of 6/8*-4*(5 - 11)?
1
Suppose -6 + 33 = 3*l. Suppose -17 = -g + l. What is the tens digit of g?
2
Let t = 124 + 93. What is the units digit of t?
7
Suppose -7*q = -2*q. Suppose 0 = 4*u - 3*j - 64, q = -u + 2*u - 4*j - 29. What is the tens digit of u?
1
Let i be -2 - (2*15)/3. What is the tens digit of 2/4 - 438/i?
3
Let q be (-5 + 0)/((-2)/16). Suppose -5*y + 29 = -4*s, -5*s = y - q + 11. What is the units digit of y?
9
Suppose -5*k + 40 = -2*s - 346, 4*k + 4*s - 320 = 0. What is the tens digit of k?
7
Suppose -10 = 3*u - 4. What is the units digit of -1*(-2 + -3 + u)?
7
Suppose 5*g + 3*f - 97 - 82 = 0, 2*f = -3*g + 108. What is the units digit of g?
4
Let n be (0 + -1)/(1/24). Let c = 43 + n. Suppose 0 = 4*l - 4*z - 12, -5*l + 0*l + 3*z + c = 0. What is the units digit of l?
5
Let m be (12/3 + -2)/1. What is the units digit of (1 - -2*m) + 2?
7
Let k be (-9)/(-21) - (-50)/14. Suppose -k*b - 2*g = b - 11, 9 = 3*b + 2*g. What is the units digit of b?
1
Let d(p) = 4*p**2 - 12*p - 11. What is the units digit of d(10)?
9
Let i = 76 + -51. Let g = 37 - i. What is the units digit of (-134)/(-10) + g/(-30)?
3
Suppose 2*o - 5*y + 20 - 213 = 0, 25 = -5*y. What is the tens digit of o?
8
Let p be (-1)/4 + (-1162)/56. Let w = p + 43. What is the units digit of w?
2
Let r = 133 - 47. What is the tens digit of r?
8
Let c(o) = o**2 + 7*o + 1. Let z be c(-6). Let u be (130/(-25))/(1/z). What is the tens digit of (u/(-8))/((-1)/4)?
1
Let a(n) be the second derivative of 6*n**2 + 0 + 1/6*n**3 + 3*n. What is the units digit of a(0)?
2
Let b(x) = x**3 - 11*x**2 - 16*x + 9. What is the tens digit of b(13)?
3
Let q be -1*(-6)/(-3) - -47. Suppose -j - 5*y = -4*j + q, 2*j - y = 23. What is the units digit of j?
0
Suppose 2*z = -3*p + 1, 2*z = p - 6*p + 7. Let u = 4 + p. What is the units digit of u?
7
Let h be (-2 - 1)*(2 + -8). Let c = h - 2. What is the tens digit of c?
1
Suppose 0*x + 20 = 4*x - 4*f, 2*x - 3*f = 11. Suppose -x*d - 2*k + 128 = 0, 0 = d + 3*k - 9 - 13. What is the tens digit of d?
3
Let l(t) be the second derivative of 1/2*t**2 + 0 + 1/6*t**3 - 2*t. What is the units digit of l(0)?
1
Suppose 13*f = -0*f + 4654. What is the units digit of f?
8
Let m be (3 - 2) + -1 + 2. Suppose 0 = -p - 4 + m. Let r(o) = -2*o + 1. What is the units digit of r(p)?
5
Let q(s) = -2*s - 2. Let u be q(-7). Suppose 3*v - 5*i - 17 = u, 2*v - 10 = i. What is the units digit of v?
3
Suppose 0 = -5*k - 4*h + 2*h + 101, 5*k - 107 = -4*h. Let w = k + -9. What is the tens digit of w?
1
Let x = 4 - 7. Let v be ((-6)/(-4))/(x/(-4)). Let k = 7 - v. What is the units digit of k?
5
Let g(b) = 3*b - 33. What is the tens digit of g(16)?
1
Suppose -4*q = -2*h - 0*q - 14, 3*h - 4*q = -11. Suppose 3*i - h - 42 = 0. Suppose 0*y = -3*y + i. What is the units digit of y?
5
Let w be (0 + 2 - 1)*75. Suppose 2*q - w = -3*q. What is the tens digit of q?
1
Let f be (6/3 - 4)/(-1). Suppose v + f = -2*x + 1, 0 = -2*x - 5*v - 5. Suppose z + 4*z - 25 = x. What is the units digit of z?
5
Let v(l) = -l**3 + 2*l**2 - l + 2. Let k be v(2). Suppose 2*g - 7 = 2*s - 7*s, 3*s = 3*g - 42. Let n = k + g. What is the tens digit of n?
1
Let j = 15 - 9. Let h(v) = 2*v**2 - 7*v - 5. What is the units digit of h(j)?
5
Let c = 110 + -2. What is the hundreds digit of c?
1
Suppose 4*v + 9 = v. Let d = 6 + v. Suppose 0 = d*o - 13 - 5. What is the units digit of o?
6
Suppose -2*z - 105 = 3*z. What is the units digit of -1*1 - (1 + z)?
9
Let v be (-7 + 4)*(-2)/2. Suppose -v*f + 2 + 15 = -2*t, 0 = -2*f + 5*t + 4. What is the units digit of f?
7
Let r(f) be the second derivative of 7*f**3/6 - f**2 - 4*f. What is the units digit of r(4)?
6
Suppose 117 = 2*v + p + 36, 3*v - 3*p - 108 = 0. What is the tens digit of v?
3
Let b(n) = -n**2 + 10*n - 13. Let k be b(9). Let q = k - -21. What is the units digit of q?
7
Let z(u) = -u. Let c(k) = -k**2 + 9*k - 6. Let p(w) = c(w) + 5*z(w). Let n be p(4). Let d(x) = x**2 + 6*x + 1. What is the units digit of d(n)?
1
Suppose 33 = 3*y + 84. Let d = y - -33. What is the units digit of d?
6
Suppose -5*v - 2*y + 5 = 0, -2*y + 3 = 3*v + 3*y. What is the units digit of 1*4 - (3 - v)?
2
Suppose 46 = 3*q - 2*a, 3 = 4*a - 1. Suppose 0 = -2*l + 10. Let i = q - l. What is the tens digit of i?
1
Let l(y) = -y + 3. Let f be l(-4). Suppose 3*d + 4*p = -7, d + 0*p - p - f = 0. Suppose -4*j = d*u - 16, 3*u - 4*u - j = -5. What is the units digit of u?
4
Let o be 47/(1 - -1 - 1). Let u = 32 - o. What is the units digit of (u/12)/((-2)/8)?
5
Suppose p + 4*p = 110. Let b = -13 + p. What is the units digit of b?
9
Suppose -3*f - 2*m - 12 - 11 = 0, 2*f - 3*m = -24. Let r = f - -19. What is the tens digit of r + 2 + 1 - -1?
1
What is the hundreds digit of 398*(-3)/(-6) + -3 + 0?
1
Let s = -36 - -112. What is the tens digit of s?
7
Let t(q) = -q**3 + q**2 + q - 1. Let n be t(1). Let v be 2/6*n + -2. Let d = v - -3. What is the units digit of d?
1
What is the tens digit of (-1 - -2 - -2) + 38?
4
Suppose 2*r + 7 = 1. Let o be ((-6)/(-4))/((-6)/(-16)). What is the units digit of o*(-1 - (r - -1))?
4
Suppose -2*g + 4 = -0*g. Suppose -g*k - k - 3*x = -48, 5*k = 4*x + 62. What is the units digit of k?
4
Let r(f) be the first derivative of 2*f**2 + 2*f - 1. What is the tens digit of r(3)?
1
Let g = -313 + 625. What is the units digit of g/20*20/8?
9
Let k(g) = 5*g**2 + 3*g + 2. What is the units digit of k(4)?
4
Suppose j - 224 = -63. What is the tens digit of j?
6
Suppose -2*b - 28 - 1 = 3*x, -b = x + 11. Let z = x + 8. What is the units digit of z?
1
Let r = 43 + -27. Let h = r - 12. What is the units digit of h?
4
Suppose -2*b = -5*b - 24. Let x(r) = -2*r. What is the units digit of x(b)?
6
Suppose 143 = g - 7. What is the tens digit of g?
5
What is the units digit of -6*3/((-18)/7)?
7
Let j(k) = k**2 + 4*k - 2. What is the tens digit of j(-9)?
4
Let u(n) = 2*n**2 + n + 4. What is the tens digit of u(5)?
5
Suppose a = -3*g + 159, g = -3*g + 5*a + 212. What is the tens digit of g?
5
Suppose -187 + 23 = -4*v. What is the units digit of v?
1
Let f = 8 - 5. Suppose -f*n = 5*m - 3 - 2, 4*n + 24 = m. Suppose 0 = -5*v + m*q + 25, -v - 2 = -2*q - 1. What is the units digit of v?
9
Let i = -133 - -220. What is the tens digit of i?
8
Let h(t) be the second derivative of t**3/6 + 5*t**2 + t. Let a be h(0). Let b = a - 9. What is the units digit of b?
1
Let a be (-8)/3 - 2/(-3). Let s be (a/(-3))/(9/27). Suppose 0*i = -s*i + 2. What is the units digit of i?
1
Suppose m - 4*t = 57, 3*m + 4*t - 5*t = 160. What is the units digit of m?
3
Let y be (1 + 1)*1 + -8. Let v(a) = a**3 + 3*a**2 + 4*a**2 + 5*a + 0*a**2. What is the units digit of v(y)?
6
Let f(j) = -11*j + 7. What is the tens digit of f(-4)?
5
What is the units digit of (-475)/(-6) - (-3)/(-18)?
9
Let a = 2 + -2. Suppose q - 3*q - 2 = a. What is the units digit of 1/((-15)/18 - q)?
6
Suppose -64 = 3*x - 4*n - 624, -788 = -4*x - 5*n. What is the tens digit of x?
9
Let b(p) = 3*p**2. Let f be 4/(-22) + 93/(-33). Let q = f - -4. What is the units digit of b(q)?
3
Let u = -4 + 27. Suppose -3*l = -0*l - 9. Suppose -3*n + 6*c + u = 2*c, l*n = -5*c + 5. What is the units digit of n?
5
Let c(d) = 6*d**3 - d**2. Let h be c(1). Suppose -5*s = -5*i - 20, 2*i + h = -5*s - 3. Suppose -6 = -2*k - s*k. What is the units digit of k?
3
Suppose q - 8 = -1. Let c = -1 + q. What is the units digit of c?
6
Suppose 6*w - 316 = 68. What is the units digit of w?
4
Suppose 5*o - 6 = -a, -3*o + o + 96 = 4*a. What is the tens digit of a?
2
Let a(x) = x**3 + 8*x**2 - x - 5. Let y be a(-7). Suppose -5*c - y = -1. What is the units digit of (-1 - (-1 - -1))*c?
0
Suppose 2*f - 130 = -2*l - 2*l, 0 = f - 3. Suppose 0*z = z - 3*h - 36, z - 2*h = l. Suppose 0 = -4*c - 4*k + 8, z = 5*c - k - 13. What is the units digit of c?
6
Suppose -p + 0 = -9. Let j be ((-6)/(-5))/(2/5). Suppose -i + 3 = 5*k - j*k, -p = -5*k - 2*i. What is the units digit of k?
3
Let t(u) b